ctor of 2336 and 64?
32
Calculate the greatest common divisor of 60 and 420.
60
Calculate the greatest common factor of 903 and 645.
129
What is the greatest common factor of 16644 and 219?
219
Calculate the greatest common divisor of 284 and 2627.
71
Calculate the greatest common factor of 31 and 11873.
31
What is the highest common factor of 93 and 124?
31
Calculate the greatest common divisor of 360 and 9.
9
Calculate the greatest common divisor of 52 and 1144.
52
Calculate the highest common divisor of 35 and 3815.
35
What is the highest common factor of 76 and 418?
38
What is the greatest common divisor of 30 and 102?
6
Calculate the highest common factor of 2226 and 212.
106
What is the greatest common divisor of 228 and 36?
12
What is the greatest common factor of 80 and 140?
20
Calculate the greatest common factor of 30 and 1944.
6
Calculate the greatest common divisor of 36 and 288.
36
Calculate the greatest common divisor of 481 and 37.
37
Calculate the highest common divisor of 60 and 432.
12
Calculate the greatest common factor of 125 and 5.
5
What is the highest common factor of 5665 and 77?
11
Calculate the highest common factor of 3792 and 32.
16
Calculate the greatest common divisor of 280 and 1050.
70
Calculate the greatest common divisor of 3 and 1083.
3
What is the greatest common factor of 5536 and 64?
32
Calculate the greatest common divisor of 510 and 75.
15
Calculate the highest common divisor of 1625 and 26.
13
Calculate the greatest common factor of 2117 and 73.
73
What is the greatest common factor of 438 and 1460?
146
What is the highest common divisor of 265 and 106?
53
Calculate the greatest common divisor of 145 and 58.
29
What is the highest common factor of 592 and 3478?
74
What is the highest common divisor of 15 and 65?
5
Calculate the highest common factor of 4 and 160.
4
What is the highest common factor of 1221 and 333?
111
What is the greatest common divisor of 326 and 56?
2
What is the highest common factor of 252 and 21?
21
What is the highest common factor of 1824 and 312?
24
What is the greatest common factor of 4524 and 6?
6
What is the highest common factor of 238 and 84?
14
What is the highest common divisor of 20 and 190?
10
Calculate the greatest common divisor of 322 and 70.
14
Calculate the highest common factor of 2068 and 44.
44
Calculate the greatest common factor of 69 and 184.
23
What is the greatest common divisor of 60 and 48?
12
Calculate the greatest common divisor of 20 and 85.
5
What is the greatest common factor of 12470 and 43?
43
Calculate the greatest common divisor of 24 and 6924.
12
What is the highest common divisor of 38 and 38?
38
What is the greatest common divisor of 6 and 2688?
6
What is the greatest common factor of 19 and 2641?
19
Calculate the highest common factor of 10 and 190.
10
What is the greatest common divisor of 75 and 175?
25
What is the greatest common divisor of 133 and 4769?
19
What is the highest common factor of 27 and 3537?
27
Calculate the greatest common divisor of 130 and 6318.
26
What is the highest common divisor of 200 and 10?
10
What is the greatest common divisor of 594 and 25344?
198
Calculate the greatest common factor of 18 and 207.
9
Calculate the greatest common factor of 546 and 868.
14
What is the highest common divisor of 234 and 156?
78
What is the highest common factor of 108 and 588?
12
What is the highest common divisor of 8280 and 144?
72
Calculate the greatest common divisor of 35 and 630.
35
Calculate the greatest common factor of 8 and 59.
1
What is the highest common factor of 60 and 2724?
12
Calculate the greatest common factor of 2736 and 38.
38
What is the highest common factor of 58 and 178?
2
Calculate the greatest common factor of 342 and 162.
18
What is the highest common divisor of 476 and 1564?
68
What is the greatest common factor of 168 and 408?
24
What is the highest common divisor of 44081 and 17?
17
What is the highest common divisor of 45484 and 166?
166
Calculate the highest common divisor of 1328 and 20.
4
Calculate the highest common factor of 340 and 1380.
20
What is the highest common factor of 3172 and 208?
52
What is the greatest common factor of 592 and 464?
16
What is the greatest common factor of 49 and 6713?
49
What is the greatest common factor of 220 and 44?
44
What is the highest common factor of 229 and 18?
1
Calculate the greatest common factor of 32 and 1992.
8
Calculate the highest common divisor of 63 and 27.
9
What is the greatest common divisor of 2249 and 195?
13
Calculate the greatest common divisor of 64 and 352.
32
Calculate the highest common factor of 102 and 68.
34
Calculate the highest common factor of 52 and 480.
4
Calculate the greatest common factor of 11 and 3377.
11
What is the greatest common divisor of 27 and 18?
9
Calculate the greatest common factor of 9700 and 25.
25
Calculate the highest common divisor of 201 and 67.
67
What is the greatest common factor of 744 and 48?
24
What is the greatest common factor of 143 and 78221?
143
What is the highest common divisor of 639 and 9?
9
What is the greatest common divisor of 110 and 10?
10
What is the greatest common divisor of 1100 and 3200?
100
What is the greatest common factor of 2989 and 61?
61
Calculate the greatest common divisor of 131 and 47029.
131
Calculate the greatest common factor of 529 and 1.
1
What is the highest common divisor of 149 and 22499?
149
What is the greatest common factor of 156 and 143?
13
Calculate the greatest common divisor of 1744 and 16.
16
What is the greatest common factor of 473 and 43?
43
Calculate the highest common factor of 12793 and 11.
11
What is the highest common factor of 545 and 355?
5
Calculate the highest common factor of 915 and 15.
15
Calculate the highest common factor of 56 and 584.
8
Calculate the greatest common divisor of 308 and 21.
7
Calculate the greatest common divisor of 15 and 435.
15
What is the highest common divisor of 17 and 1377?
17
What is the greatest common factor of 908 and 12?
4
What is the greatest common factor of 89 and 4361?
89
What is the greatest common factor of 150 and 165?
15
Calculate the greatest common factor of 2169 and 18.
9
What is the greatest common divisor of 1737 and 27?
9
What is the greatest common divisor of 567 and 3591?
189
Calculate the greatest common divisor of 22 and 74569.
11
What is the greatest common factor of 60 and 620?
20
Calculate the greatest common factor of 38 and 1026.
38
What is the highest common divisor of 455 and 2600?
65
What is the highest common factor of 70 and 490?
70
What is the greatest common divisor of 15 and 125?
5
What is the highest common divisor of 225 and 360?
45
What is the highest common factor of 840 and 2772?
84
Calculate the highest common divisor of 134 and 11993.
67
Calculate the greatest common factor of 1730 and 50.
10
What is the greatest common divisor of 72 and 60?
12
Calculate the greatest common divisor of 96 and 4944.
48
Calculate the greatest common divisor of 304 and 48.
16
Calculate the greatest common factor of 101 and 71.
1
Calculate the greatest common factor of 11 and 6402.
11
Calculate the highest common factor of 760 and 40.
40
Calculate the greatest common factor of 149 and 447.
149
What is the greatest common factor of 48 and 12?
12
Calculate the highest common factor of 180 and 3660.
60
Calculate the greatest common divisor of 337 and 1.
1
What is the greatest common divisor of 2 and 194?
2
Calculate the highest common divisor of 616 and 231.
77
Calculate the highest common factor of 1299 and 3.
3
What is the greatest common divisor of 294 and 14?
14
Calculate the highest common factor of 418 and 22.
22
Calculate the greatest common divisor of 39 and 273.
39
Calculate the greatest common factor of 3552 and 111.
111
What is the greatest common factor of 4 and 556?
4
Calculate the greatest common divisor of 48 and 456.
24
What is the highest common divisor of 1023 and 93?
93
What is the greatest common divisor of 7 and 791?
7
What is the highest common factor of 66243 and 213?
213
What is the highest common divisor of 101687 and 61?
61
Calculate the highest common divisor of 681 and 3.
3
Calculate the highest common factor of 116 and 638.
58
What is the greatest common diviso